
List the prime factors of 13554122.
2, 6777061
List the prime factors of 105637.
7, 15091
What are the prime factors of 95981?
41, 2341
List the prime factors of 5208753.
3, 11, 157841
List the prime factors of 2368932.
2, 3, 113, 1747
List the prime factors of 1112411.
29, 89, 431
What are the prime factors of 91857?
3, 67, 457
What are the prime factors of 1365078?
2, 3, 11, 13, 37, 43
What are the prime factors of 1021074?
2, 3, 170179
What are the prime factors of 6534962?
2, 7, 607, 769
List the prime factors of 13833196.
2, 13, 266023
What are the prime factors of 1371814?
2, 685907
What are the prime factors of 12888415?
5, 2577683
List the prime factors of 2434051.
2434051
What are the prime factors of 8750325?
3, 5, 17, 6863
What are the prime factors of 142014?
2, 3, 23669
What are the prime factors of 352257?
3, 17, 6907
What are the prime factors of 300019?
89, 3371
List the prime factors of 145264.
2, 7, 1297
List the prime factors of 9972686.
2, 199, 25057
What are the prime factors of 17083037?
59, 289543
What are the prime factors of 244849?
11, 22259
List the prime factors of 874931.
19, 46049
What are the prime factors of 4621459?
23, 67, 2999
List the prime factors of 7709678.
2, 1619, 2381
List the prime factors of 42551840.
2, 5, 23, 31, 373
What are the prime factors of 11496246?
2, 3, 97, 19753
List the prime factors of 21401224.
2, 13, 23, 389
What are the prime factors of 1106317?
1106317
What are the prime factors of 12674442?
2, 3, 11, 192037
What are the prime factors of 361682?
2, 193, 937
List the prime factors of 34753081.
11, 3159371
What are the prime factors of 4388965?
5, 7, 125399
List the prime factors of 10412791.
1999, 5209
List the prime factors of 322281.
3, 35809
What are the prime factors of 674529?
3, 31, 7253
What are the prime factors of 560031?
3, 17, 79, 139
What are the prime factors of 158936?
2, 19867
List the prime factors of 499350.
2, 3, 5, 3329
List the prime factors of 1774999.
19, 103, 907
What are the prime factors of 322189?
7, 46027
What are the prime factors of 381036?
2, 3, 113, 281
List the prime factors of 472808.
2, 7, 8443
What are the prime factors of 1389058?
2, 11, 103, 613
What are the prime factors of 140056?
2, 7, 41, 61
What are the prime factors of 14089698?
2, 3, 7, 67, 1669
List the prime factors of 81149.
19, 4271
List the prime factors of 4502837.
61, 97, 761
List the prime factors of 49647.
3, 13, 19, 67
What are the prime factors of 945555?
3, 5, 13, 373
What are the prime factors of 128647?
103, 1249
What are the prime factors of 16419455?
5, 13, 252607
List the prime factors of 4374903.
3, 13, 8629
What are the prime factors of 58409?
13, 4493
List the prime factors of 4920804.
2, 3, 7, 23, 283
What are the prime factors of 153567?
3, 113, 151
What are the prime factors of 659186?
2, 11, 19, 83
List the prime factors of 140261.
11, 41, 311
What are the prime factors of 528811?
528811
What are the prime factors of 785825?
5, 17, 43
What are the prime factors of 12122?
2, 11, 19, 29
What are the prime factors of 23781?
3, 7927
List the prime factors of 6291589.
109, 197, 293
What are the prime factors of 925196?
2, 231299
List the prime factors of 92661.
3, 67, 461
What are the prime factors of 3365589?
3, 317, 3539
What are the prime factors of 24778994?
2, 12389497
What are the prime factors of 293288?
2, 61, 601
List the prime factors of 2393482.
2, 7, 13, 13151
List the prime factors of 717532.
2, 179383
List the prime factors of 2079841.
89, 23369
What are the prime factors of 1226438?
2, 613219
What are the prime factors of 3042313?
877, 3469
List the prime factors of 8317742.
2, 1153, 3607
List the prime factors of 7080162.
2, 3, 1180027
List the prime factors of 238500.
2, 3, 5, 53
List the prime factors of 586399.
11, 53309
What are the prime factors of 17969?
7, 17, 151
What are the prime factors of 861144?
2, 3, 53, 677
What are the prime factors of 539408?
2, 33713
List the prime factors of 616637.
7, 137, 643
What are the prime factors of 6961996?
2, 1740499
What are the prime factors of 2404209?
3, 801403
What are the prime factors of 564366?
2, 3, 11, 17, 503
What are the prime factors of 318653?
318653
What are the prime factors of 333093?
3, 111031
List the prime factors of 2533926.
2, 3, 422321
List the prime factors of 4252616.
2, 71, 7487
What are the prime factors of 12093?
3, 29, 139
What are the prime factors of 11256017?
41, 281, 977
List the prime factors of 177689.
137, 1297
What are the prime factors of 1176779?
1176779
List the prime factors of 4199924.
2, 181, 5801
List the prime factors of 4979376.
2, 3, 151, 229
List the prime factors of 20633.
47, 439
List the prime factors of 5685521.
2333, 2437
What are the prime factors of 3968895?
3, 5, 7, 37799
What are the prime factors of 2060382?
2, 3, 37, 9281
List the prime factors of 450940.
2, 5, 7, 3221
List the prime factors of 451884.
2, 3, 37657
What are the prime factors of 414642?
2, 3, 29, 2383
List the prime factors of 725963.
7, 137, 757
List the prime factors of 234478.
2, 117239
What are the prime factors of 50070?
2, 3, 5, 1669
List the prime factors of 566670.
2, 3, 5, 13, 1453
List the prime factors of 141153.
3, 47051
What are the prime factors of 1132220?
2, 5, 56611
List the prime factors of 117576.
2, 3, 23, 71
List the prime factors of 19809847.
41, 483167
What are the prime factors of 23636182?
2, 11818091
List the prime factors of 424177.
13, 67, 487
List the prime factors of 2216782.
2, 131, 8461
What are the prime factors of 4867831?
17, 37, 71, 109
What are the prime factors of 796212?
2, 3, 17, 1301
What are the prime factors of 965015?
5, 193003
What are the prime factors of 100237?
100237
List the prime factors of 355239.
3, 59, 223
List the prime factors of 1050845.
5, 210169
List the prime factors of 3270532.
2, 83, 9851
What are the prime factors of 581920?
2, 5, 3637
What are the prime factors of 205216?
2, 11, 53
What are the prime factors of 785896?
2, 193, 509
What are the prime factors of 162754?
2, 19, 4283
List the prime factors of 6964736.
2, 61, 223
List the prime factors of 15372696.
2, 3, 640529
What are the prime factors of 1572258?
2, 3, 31, 79, 107
List the prime factors of 18591.
3, 6197
What are the prime factors of 125762?
2, 7, 13, 691
List the prime factors of 27106318.
2, 13553159
What are the prime factors of 625500?
2, 3, 5, 139
List the prime factors of 441416.
2, 23, 2399
List the prime factors of 227219.
227219
What are the prime factors of 15426604?
2, 53, 72767
List the prime factors of 24604932.
2, 3, 11, 53, 3517
What are the prime factors of 332536?
2, 197, 211
List the prime factors of 16371169.
83, 197243
What are the prime factors of 120685?
5, 24137
List the prime factors of 3061466.
2, 163, 9391
What are the prime factors of 534145?
5, 317, 337
What are the prime factors of 27099571?
73, 371227
What are the prime factors of 270199?
19, 14221
List the prime factors of 775833.
3, 258611
List the prime factors of 6667104.
2, 3, 37, 1877
List the prime factors of 1622126.
2, 11, 6703
What are the prime factors of 1808572?
2, 19, 53, 449
What are the prime factors of 193916?
2, 48479
List the prime factors of 17996422.
2, 8998211
List the prime factors of 96721.
311
What are the prime factors of 8362441?
1031, 8111
List the prime factors of 145360.
2, 5, 23, 79
What are the prime factors of 1495839?
3, 498613
List the prime factors of 742613.
431, 1723
List the prime factors of 7379500.
2, 5, 14759
What are the prime factors of 171661?
7, 137, 179
What are the prime factors of 10718?
2, 23, 233
What are the prime factors of 202004?
2, 11, 4591
What are the prime factors of 2841393?
3, 19, 79, 631
List the prime factors of 841084.
2, 37, 5683
What are the prime factors of 274196?
2, 13, 5273
What are the prime factors of 212946?
2, 3, 35491
What are the prime factors of 101223?
3, 23, 163
What are the prime factors of 123706?
2, 11, 5623
List the prime factors of 203651.
7, 47, 619
List the prime factors of 660210.
2, 3, 5, 59, 373
List the prime factors of 1711660.
2, 5, 23, 61
List the prime factors of 1585589.
1585589
What are the prime factors of 210791?
7, 30113
List the prime factors of 281049.
3, 93683
List the prime 